 - l. Is w composite?
True
Let a = 596 - 591. Suppose -5*w = 6*f - 5*f - 16594, -a*w = 25. Is f prime?
True
Let q = 136 + -131. Suppose 0 = 2*c + 3*t - 99 - 140, -640 = -q*c + t. Is c a prime number?
True
Let a = 188700 - 15251. Is a prime?
False
Suppose -5*s + 69228 = -p, p = -4*s - 3*p + 55392. Suppose 523 = x - s. Is x composite?
False
Let s(y) = 30*y**3 - 9*y**2 + 61*y - 17. Suppose 5*d - 1 = -5*g + 59, 4*g = 20. Is s(d) a composite number?
False
Let y be 454/(-8) + 6/(-24). Let r = -52 - y. Suppose 2*k + r*k - 26495 = 0. Is k prime?
False
Let j(x) = 5*x - 215. Let z be j(43). Suppose -33654 = -5*m + v, z = -22*m + 18*m + 2*v + 26922. Is m a composite number?
True
Let z be 9/3 + -54 + 2 + 1. Let t = z - -36. Is t/(-18) + 1 + (-3368)/(-6) composite?
False
Suppose -8*p - 4660 = -6*p. Let s = 6761 + p. Let h = s - 2876. Is h composite?
True
Let d(i) = 2*i - 20. Let p be d(9). Let h be (10/(-5))/(p/(-1031)). Let j = 2388 + h. Is j composite?
True
Let g(a) = 5166*a**2 + 7*a + 51. Is g(-4) a composite number?
True
Let y(b) = -b + 5. Let u be y(6). Is (u - (-10973)/3)/(16/24) a prime number?
False
Let k be 5/((-15)/2342)*-3. Let u be (-27)/((-1)/(k/3)). Is (-1)/(-3) - u/(-27) composite?
True
Let r(n) = -117*n**3 + n**2 - 5. Let s(f) = -2*f**3 + 8*f**2 - 5*f - 6. Let z be s(3). Is r(z) a composite number?
False
Let x = 23094 + 21377. Is x composite?
True
Let a(c) = 3098*c**2 - 30*c + 579. Is a(-21) prime?
False
Let b(t) be the first derivative of 0*t**2 - t + 142/3*t**3 - 16. Is b(1) a composite number?
True
Suppose -12*t + 3*u - 86372 = -17*t, 0 = -u + 4. Suppose -q + f + 47083 - t = 0, -3*q + 2*f = -89435. Is q composite?
True
Suppose -2*g - 698 = -3*c - 0*g, 3*g - 908 = -4*c. Let a = c - -174. Suppose -380 = -4*s - 2*u - 0*u, 4*u = 4*s - a. Is s a prime number?
True
Suppose -2*r + 2*b = 6, -4*r + r + b = 7. Is 1 - (-88)/(-33)*111/r composite?
False
Let s(k) be the second derivative of k**3/6 + 10*k. Let i be s(4). Suppose 999 = i*h + b, 4*h - 4*b - 737 - 287 = 0. Is h composite?
False
Is (2 - (-3)/(-2))*-2 + 2 + 4408 a composite number?
False
Suppose -k + t = -2*k + 8, 5*k - t - 16 = 0. Suppose -k*s - 3849 = -7*s. Is s a composite number?
False
Let i(q) = -16356*q - 287. Is i(-5) composite?
True
Is (4/(-20) + (-368)/10)*-877 prime?
False
Let f(u) = 4441*u**2 - 3*u + 1. Let v(r) = 13324*r**2 - 10*r + 3. Let y(d) = 21*f(d) - 6*v(d). Is y(-1) a prime number?
False
Suppose -5*c + 34248 = u, 144*c - 146*c - 102863 = -3*u. Is u prime?
True
Suppose -j - 3*v = 2*j + 18, -v - 33 = 4*j. Let h be 200 + j/((-45)/(-20)). Suppose -3*t - 22 = -h. Is t a prime number?
False
Suppose -3*i - 523 + 319 = 0. Is ((i/(-3))/(-2))/(34/(-63699)) a prime number?
False
Let n = 6 - 49. Let y be (-24)/40 - n/5. Is (y/(-24))/((-2)/11082) a composite number?
False
Suppose -580282 = 26*m - 29*m - x, x = 5*m - 967134. Is m composite?
True
Suppose -10919644 = -54*t - 14*t. Is t a composite number?
False
Let y be ((-5498)/(-3))/((-8)/(-3 - 21)). Let h = -331 + y. Is h prime?
True
Let x(m) be the third derivative of m**5/60 + m**4/24 - m**3/3 + 19*m**2. Let r be x(-3). Is 2/(-4) + (-1)/r*-3054 composite?
True
Suppose -3*b + 1173 = 4*w - 1838, -5*w = -5*b + 5065. Suppose 23*l - 74*l + 14062 = 38*l. Let m = b - l. Is m composite?
True
Let g(d) = -2*d + 39. Let s be g(18). Let z(f) = 9*f + 34*f**3 + 0*f**2 - s*f**2 - 33*f**3 - 5*f**2 + 8. Is z(7) prime?
False
Suppose -3*r + 2 = -z, 2*r - 3 = -z - 0. Let b be ((-169)/4)/(14/224). Is (b - -2)*z/(-2) a composite number?
False
Let a(m) = -12*m**2 + 7*m - 5. Let p be a(-3). Let i = 130 + p. Is 9095/20 + -1 + (-1)/i a prime number?
False
Suppose 2*l + 2*a - 108 = 0, 21*l - 5*a = 19*l + 101. Suppose o + 4*x = 6673, 55*o - 13394 = l*o + 4*x. Is o composite?
False
Let y = 69556 + 231793. Is y composite?
False
Let w(q) = -q**2 + 12*q + 15. Let o be w(13). Suppose 0 = o*v - 3*v, 4*v - 1246 = -2*a. Is a a prime number?
False
Let t(k) be the first derivative of -3*k**5/20 - 7*k**4/12 - 11*k**3/6 - 8*k**2 + 9*k + 3. Let s(m) be the first derivative of t(m). Is s(-9) a prime number?
False
Is (-4)/(-14) + (63/(-14) - (-44927827)/98) a composite number?
True
Let c be (40 - 43) + -1 + 7/1. Suppose c*u - 4*r - 163 = 6*u, 4*u = -2*r - 204. Let m = u + 722. Is m a prime number?
True
Let b(w) = -w**3 - 26*w + 32498. Is b(0) composite?
True
Suppose 3*q = -2*q + n + 3761, 0 = -q - 2*n + 761. Let k(v) = 17*v**2 - v + 6. Let r be k(-5). Let f = q - r. Is f a prime number?
True
Suppose -3*a + 16426 = 5*i - 302, -22318 = -4*a - 2*i. Suppose 4*z - 4*m - 108 = 0, 0 = 5*z + m - 2*m - 147. Suppose -29*l - a = -z*l. Is l composite?
False
Let s(p) = 10*p**2 + 11*p - 7. Suppose 0 = -3*n + 3*m + 15, 0*m - 5*m + 17 = 2*n. Suppose 2*i = 5*v + 3, -5*i - n = -2*v + 18. Is s(i) prime?
False
Suppose -98*g + 101*g + f = 16410, 4*f = -4*g + 21872. Is g a prime number?
True
Suppose 23*x + 36976 + 24250 = 0. Suppose 0 = -2*g - 340 - 882. Let c = g - x. Is c a composite number?
True
Suppose -176*o = -53*o - 1560552 - 15422181. Is o prime?
True
Let q(r) = -21*r**2 + 7*r. Let n be q(-6). Suppose -11*f + 16*f = -5*u - 305, -4*f - 3*u = 250. Let c = f - n. Is c composite?
True
Suppose 42*m + 140 = 37*m. Let p(u) = 14*u. Let a be p(2). Is 8/a - (-2)/(m/(-8130)) prime?
False
Let j(i) = 26*i - 155. Let p be 2/4*(41 + -7). Is j(p) prime?
False
Let w(x) = 9*x**2 + 1192*x + 33 - 1186*x - 4 - 60*x**3. Is w(-4) composite?
False
Suppose -18*t + 563821 = 62863. Is t a prime number?
False
Let u = -88 - -68. Let y be (-232)/u + (-2)/(-5). Is 1 + 1064 - 8/y*6 composite?
False
Suppose 80655 = n - w - 22105, 0 = -5*n + 4*w + 513801. Is n a prime number?
True
Let d(c) = 7961*c**3 - 5*c**2 + 3*c + 9. Let h be d(3). Suppose 0 = 44*p - h - 50972. Is p composite?
False
Let s be ((-11)/3 - 1)/((-33)/198). Suppose -s*f + 7685 = -23*f. Is f prime?
False
Is (7842204/270)/(6/15) composite?
False
Let k = -18279 - -77626. Is k prime?
False
Suppose -278*p - 8879 = -281*p - 2*b, -5*b = 4*p - 11841. Is p a prime number?
False
Suppose -4*x - 200 = 4*h, 4*h = 2*x + 41 + 71. Let z = 83 - x. Suppose -4*b + 23 = l - z, 0 = 5*b. Is l prime?
False
Let l be 8651 + (-5*(6 + -7) - 6). Suppose 6479 = -4*i + 7*i - 2*n, -l = -4*i - 3*n. Is i a composite number?
False
Suppose -9*u + 12 = -8*u. Let h be 2 - 4101 - 4*9/u. Is -1*1/2*h prime?
False
Let y(g) = 5650*g**2 + 373*g - 16. Is y(6) prime?
False
Let k be -3*1/7 - (-359580)/91. Suppose 0 = 5*m - 4*m + 4*a - k, -15848 = -4*m - 5*a. Is m prime?
True
Let l(n) = 39419*n - 666. Is l(5) a composite number?
False
Let i = -270 - -273. Suppose -c - 2*o = c - 8130, i*o - 8132 = -2*c. Is c composite?
True
Let v(f) = 2*f**3 - 42*f**2 - 26*f + 14. Let c(s) = 2*s**3 - 41*s**2 - 28*s + 13. Let n(t) = -3*c(t) + 2*v(t). Is n(18) composite?
True
Let d = -525 - -525. Is (7556 - d) + 8 + (-3 - 2) prime?
True
Suppose 5*z - 1030 = -2*k, 3*z - 5*k + 121 = 708. Is 4/(-34) - 2*(-992778)/z composite?
False
Let q(c) = 4*c - c + 6*c - 1 - 4*c - 5*c**2 + 2*c**3. Let p be q(2). Suppose 0*x + 4*x = -p*s + 3923, -3*s + 5*x = -2376. Is s a composite number?
False
Suppose -15*p + 20 = -20*p. Let z be -7 + (-25)/(-5) - p*1. Is z/9 + (-17182)/(-198) prime?
False
Suppose 57*a - 11212452 = -1850031. Is a a composite number?
True
Suppose 0*r - 574125 = -3*r - 5*f, -765471 = -4*r + 3*f. Suppose 0*i - 6*i = -r. Is i a prime number?
False
Suppose 0*y = y - 35. Suppose t - 8 = -v, 4*t = -3*v + y - 7. Suppose 3*f - 829 - 1339 = -2*k, v*k - 3*f - 4354 = 0. Is k a composite number?
False
Suppose 0 = -428*v + 429*v - 4. Let m(r) be the first derivative of 55*r**2/2 + 3*r + 1. Is m(v) prime?
True
Let b = 14714 - 9701. Let u = b - 2308. Is u a composite number?
True
Suppose 28*z - 117 = -61. Is (z - (-280840)/(-32))*-4 prime?
False
Suppose 9858 + 501 = 3*y. Suppose -b = -4*l - y, -17*b + 17170 = -12*b - l. Is b prime?
True
Let h = 2311913 - 317848. Is h prime?
False
Suppose 20730268 = 52*m + 6*m - 19603338. Is m a composite number?
False
Let o = 12 + -7. Let d(s) = 115*s**2 + 12*s**2 + o - 8*s + 3*s. Is d(1) composite?
False
Suppose 8*z = 6*z + 36562. Suppose 2897 = -8*m + z. Is (0 + -2)/((-6)/m) prime?
True
Suppose -4 = -4*d, 40*l - 36*l - 5*d - 141351 = 0. Is l prime?
True
Let x(o) = -o**2 - 6*o + 34. Let a be x(4)